*b - 67 = -4*x, 8 + 4 = 4*x. Suppose 2*k + 1 = b. What is the units digit of k?
5
Let c(x) = 2*x - 4. Let o(d) = d**3 - 5*d**2 - 3*d - 5. Let j be o(5). Let q be (j/(-6))/(8/24). What is the tens digit of c(q)?
1
Let u = -30 + 50. Suppose -2*f = 3*f - u. Suppose 7*x - 54 = f*x. What is the tens digit of x?
1
Let c(i) = i**2 + 2*i. Suppose -3*h - 54 = 3*h. What is the units digit of c(h)?
3
Let c(k) = 6*k - 2. Let f be c(-1). What is the tens digit of (6/f)/((-3)/132)?
3
Let j = 65 - 1. What is the tens digit of j?
6
Suppose -1194 = -8*q - 442. What is the tens digit of q?
9
Suppose 3*u = 3*t - 1983, -9*t = -4*t + 5*u - 3275. What is the tens digit of t?
5
Suppose -50 = 3*v + 148. Let o = -39 - v. What is the tens digit of o?
2
Suppose -2*c = 10, -q - 5 = -2*q + c. Suppose 0 = -4*r - 2*u - q*u + 106, -3*r = -u - 67. What is the tens digit of r?
2
Suppose 2*d - s - 1753 = 831, 5*s = -2*d + 2596. What is the hundreds digit of d?
2
Suppose -2*u + u + 704 = n, -4*u + 2795 = -3*n. What is the units digit of u?
1
Let u = 776 - 386. What is the tens digit of u?
9
Let s = -34 - -34. Suppose -12*f + 17*f - 575 = s. What is the units digit of f?
5
Suppose -26307 = -19*t + 24347. What is the hundreds digit of t?
6
Suppose 3*o - 63 = -2*d + 3*d, 0 = 4*o - 3*d - 89. Let v = -11 + o. Suppose -v = -4*b + 87. What is the units digit of b?
4
Suppose -5*w - 264 = -2*r + 478, 0 = 2*w + 4*r + 292. Let o = w + 355. What is the hundreds digit of o?
2
Suppose -146 = -m + 5*b + 69, 0 = 3*b - 6. Suppose -4*z = -3*n + 64 + 71, 0 = -5*n - 5*z + m. What is the tens digit of ((-59)/(-3))/(15/n)?
5
Suppose -4*v = -4*l - 60, 4*l - 10 = -3*v - 0*l. What is the tens digit of ((-45)/v)/((-2)/28)?
6
Let l = -5 - -9. Suppose 4*v = o - 179, -7 + 19 = l*o. What is the units digit of (-476)/v + (-8)/(-44)?
1
Suppose -3*d - 420 = -8*d. Suppose y = -3*m + d, -4*m = -3*y - 0*m + 200. Suppose -2*i + 4*x + 54 = -0*x, 0 = 2*i + 5*x - y. What is the tens digit of i?
3
What is the thousands digit of 55/(-33) + (-4718)/(-3)?
1
Suppose -8 = -l + 90. Suppose 3*a = -l + 8. What is the units digit of (432/a)/((-6)/20)?
8
Let f(v) = -v**3 + 2*v + 2. What is the units digit of f(-2)?
6
Let x = 7 - -1. Suppose n - 8 = 2*r, -5*r = 3*n + 2*n - 10. What is the units digit of (-48)/(-1)*n/x?
4
Let a(v) = -v**2 + 165*v + 404. What is the units digit of a(50)?
4
Let a(p) = 8*p + 15. Let z(c) = 9*c + 15. Let s(h) = -4*a(h) + 5*z(h). What is the units digit of s(7)?
6
Let z(c) = c - 10. Let y be z(12). Let a = -63 + 36. What is the tens digit of 0*y/8 - a?
2
Let p(y) = y**3 + 20*y**2 + 4*y + 18. What is the units digit of p(-14)?
8
Suppose -12 = 3*n + 3. Let d(k) = -k**2 - 5*k + 4. Let c be d(n). Suppose c*v - 218 = 46. What is the units digit of v?
6
Let y(p) = -p**3 - 19*p**2 + 18*p - 4. Let i be y(-19). Let o = 567 + i. What is the units digit of o?
1
Suppose 4*g - 2*g = 1322. What is the units digit of g?
1
Suppose 8*o = 4*o - 4*m + 144, -3*o - m + 112 = 0. Suppose 3*n = -2*n + 190. Suppose -a + n + o = 0. What is the units digit of a?
6
Let a(j) = 119*j - 402. What is the tens digit of a(8)?
5
Suppose -1164 - 1125 = -7*z. What is the units digit of z?
7
Suppose -2*f - 2*q + 0*q = -16, f - 20 = -4*q. Suppose -6*v = -2*v - f. Suppose 0 = -z + v + 9. What is the units digit of z?
0
Let d = -2013 - -4357. What is the tens digit of d?
4
Let j = 6344 - 3358. What is the units digit of j?
6
Suppose 7358 = 33*q - 21781. What is the tens digit of q?
8
Suppose 3*q + 8 = -q. Let v(a) = a + 4. Let x be v(q). Suppose 3*f - 24 = x*f. What is the tens digit of f?
2
Let o = -65 + 702. What is the hundreds digit of o?
6
Suppose -477 = -3*o + 3*n, -20*o - 4*n + 786 = -15*o. What is the hundreds digit of o?
1
Let s be (4/(-6))/((-5)/15). Suppose p - 8 = s. Suppose -2*j + p = -2. What is the units digit of j?
6
Let z be 2/5 - (-102)/(-30). What is the tens digit of -3*(z - (-208)/(-12))?
6
Suppose 3*q + 0*q + 1824 = 0. What is the units digit of 2/(-1 + q/306 + 3)?
3
Let m = 62 + -37. Suppose -m = -4*x + 7. Suppose -t = -6 - x. What is the units digit of t?
4
Let d(t) = 4*t**3 - 7*t**2 + 2*t + 9. Let i = -55 + 59. What is the hundreds digit of d(i)?
1
Let n = 50 - 39. Suppose -4*v + 53 = -n. What is the units digit of v?
6
Suppose 880 = 11*s - 7590. Let a = s + -468. What is the tens digit of a?
0
Let r = 541 - 298. What is the tens digit of r?
4
Let v(w) = w**3 + 13*w**2 + 16*w + 12. What is the tens digit of v(-10)?
5
Suppose 65757 = 16*x + 10717. What is the tens digit of x?
4
Let v(b) = b**2 - 20*b + 40. Let r be v(18). Suppose -670 = -9*h + r*h. What is the tens digit of h?
3
Suppose -5 - 10 = -2*s + 3*j, -2*j = 5*s + 10. Let h be 26 + 0 - (s - -1). What is the units digit of 1/(-1) + (h - -10)?
4
Let c(x) = 2 - 5*x**2 - 6*x**2 + 4*x - 28*x**3 + 14*x**2 - x**2. What is the tens digit of c(-1)?
2
Let k be (-518)/(-12) - (-2)/(-12). Suppose -y - 3 = 2*x, 4*x - 5*y = -14 + k. Let n = 43 - x. What is the units digit of n?
2
Let i(h) = 3*h**3 + 8*h**2 - 6*h + 17. Let g be i(6). Suppose -11*s + g = -4*s. What is the units digit of s?
1
Suppose -k + 4*h + 1502 = 0, 36*k - 3*h - 4533 = 33*k. What is the tens digit of k?
1
Suppose 126 + 258 = 3*r. Suppose t = 16 + r. What is the tens digit of t?
4
Suppose -4*v = m - 40 + 13, -2*v = 2*m - 24. Suppose 0 = 3*q - 2*t - 694, 9*q - 3*t = 4*q + 1158. Suppose -k + m*k = q. What is the tens digit of k?
3
Let j(g) = 2*g - 14. Let r be j(15). Suppose -15 - 39 = -3*w. What is the units digit of w/12*r/3?
8
Suppose 24 - 8 = 4*u. Suppose o - 27 = u*o. What is the units digit of (-3)/9 + (-165)/o?
8
Suppose w = 5*w - 48. Suppose -w + 42 = 6*c. What is the units digit of c?
5
Let b(w) = -20 - 7 - 3*w - 1 - 2*w. What is the tens digit of b(-17)?
5
Let s = -42 - -66. What is the tens digit of 1 - 6/(s/(-500))?
2
Let y = -102 - -475. What is the hundreds digit of y?
3
Let d = 15 + -10. Let w(o) = o**2 - 6*o - 1. Let v be w(d). What is the tens digit of ((-3)/(-2))/(v/(-224))?
5
Let a(m) be the first derivative of -4 + 1/3*m**3 - 5*m + 7/2*m**2. What is the units digit of a(4)?
9
Suppose 30*o - 27*o - 1380 = 0. What is the tens digit of o?
6
Suppose -3*s + 2*g = -0*g + 795, s - 2*g + 261 = 0. Let r = 451 + s. Suppose -6*j - r = -5*q - 2*j, j - 179 = -5*q. What is the tens digit of q?
3
Let l = 336 + -64. Suppose 3*p - l = p. Suppose p = 3*v + v. What is the tens digit of v?
3
Let k = 763 - -3745. What is the units digit of k?
8
Suppose 43*c - 15078 - 26460 = 0. What is the units digit of c?
6
Let z(u) = u**2 - 6*u - 5. Let f be z(7). Suppose l - 4 = -f. Suppose 3*p = 4*p - 5, l*s - p = 15. What is the units digit of s?
0
What is the tens digit of (-2)/11 + (-25272)/(-88)?
8
Let q = -1341 + 2130. What is the units digit of q?
9
Let m(d) = -d**2 - 4*d + 2. Let k be m(2). Let r = k + 16. What is the units digit of r?
6
Let b(f) = 1147*f**2 - 2*f - 2. What is the units digit of b(-1)?
7
What is the hundreds digit of (128/(-5))/(7/105*-3)?
1
Let o(w) = 16*w + 3. Let q be o(1). Suppose 3 + q = l. What is the tens digit of l?
2
Let o(f) = 6*f**3 + 2*f**2 + f. Let z be o(-1). Let v be (-312)/(-20) + 3/z. Suppose -4*t - 40 = -j, 0*t = -2*j - 5*t + v. What is the units digit of j?
0
Let t(w) = w**2 + 2*w - 3. Let f be t(-4). Suppose o - f + 3 = 0. Suppose -4*r = 3*m - 40, 4*m - 3 = -o*r + 27. What is the units digit of r?
7
Let g(i) = 2*i - 8. Let t be g(5). Suppose 166 = 4*y - 2*l, -136 = -2*y - t*y - 4*l. What is the tens digit of y?
3
Let w(g) = 69*g**2 + 17*g - 2. What is the tens digit of w(-3)?
6
What is the units digit of ((8/2)/(-2))/((-2)/21)?
1
Let a(c) = -3*c + 3. Let x be a(4). Let y be 1*(x*6)/(-2). Suppose -r + y = -0. What is the units digit of r?
7
Let c = 387 - -145. What is the units digit of c?
2
Let w be (-1658)/14 + 6/14. Let o = w + 77. Let u = o - -71. What is the tens digit of u?
3
Suppose 0 = -2*n + 3*n + 7. Let z = n + 7. Suppose 5*k - 25 - 15 = z. What is the units digit of k?
8
Let w(c) = c**2 + c - 1. Let f(t) = -6*t**2 + 7*t + 5. Let o(a) = -f(a) + 2*w(a). What is the tens digit of o(-4)?
4
Suppose 32 = -8*l + 352. What is the tens digit of l?
4
Let r(w) = -w**2 - 23*w + 69. What is the tens digit of r(-20)?
2
Suppose g - 28 = -4*b, b = 3*g - 0*b - 58. What is the tens 